se 0 = -0*b - b, -5*w - 2*b = 90. Let g = w + h. Calculate the remainder when 12 is divided by g.
5
Let c = 5 + -9. Let b(r) = -r - 5. Let m be b(c). What is the remainder when 20 is divided by (m/1)/((-2)/22)?
9
Let j be 52/9 + 2/9. Suppose 4*h = -j + 102. Suppose -69 = -5*o - h. What is the remainder when o is divided by 5?
4
Let q = 18 - 0. Let l = -40 - -93. What is the remainder when l is divided by q?
17
Suppose 5*z - t - 49 = 0, -2*t - 3*t = 4*z - 16. What is the remainder when 15 is divided by z?
6
Suppose -6*y = -2*y + 4*l - 88, -4*y - 2*l + 78 = 0. Calculate the remainder when 135 is divided by y.
16
Let a = -22 - -35. Calculate the remainder when 51 is divided by a.
12
Let q = -22 + 32. Let f be 48*((-9)/(-6))/(-3). Let n = -7 - f. Calculate the remainder when n is divided by q.
7
Let n = -6 + 14. Suppose -2*r - 4 = -0*r. Let y = r + n. What is the remainder when 16 is divided by y?
4
Suppose 3*d = -4*d + 126. What is the remainder when 105 is divided by d?
15
Suppose 5*s = -0 - 15, 3*a - 18 = -3*s. Suppose -n + 3*u + 40 = 0, 2*n + 0*n - 5*u = 75. Calculate the remainder when n is divided by a.
7
Calculate the remainder when ((-426)/5)/(20/(-50)) is divided by 12.
9
Let t = 341 - 132. Calculate the remainder when t is divided by 53.
50
Suppose 0 = 3*y - 12, 3*o + 8*y = 4*y + 46. Let j(l) = 3*l**3 + 1. Let m be j(1). Suppose -8 - 8 = -m*f. What is the remainder when o is divided by f?
2
Let a(y) = y**3 - 6*y**2 - 5*y - 6. Let o = -3 + 10. Calculate the remainder when 22 is divided by a(o).
6
Suppose -n = 4*l - 0*l - 12, 2*n - 16 = -4*l. Suppose n*o = 197 - 21. What is the remainder when o is divided by 15?
14
Suppose 4*q - 2*v - 8 = 0, q + 3*v = 2 - 0. Suppose -2*j - 32 = -80. Calculate the remainder when (1/(-2))/((-3)/j) is divided by q.
0
Let x be 6 - ((2 - 4) + 5). Suppose -61 = -3*m + 5*j, x*m - j - j - 55 = 0. Calculate the remainder when 32 is divided by m.
15
Suppose 0 = z - 3*z - o + 24, 2*z + 4*o - 24 = 0. What is the remainder when 47 is divided by z?
11
Let b(j) = j**3 - 7*j**2 + 3*j - 7. Let z be ((-7)/4)/(4/(-16)). Calculate the remainder when b(z) is divided by 4.
2
Let y = 61 + -10. Calculate the remainder when y is divided by 2*2 - (-27 - -13).
15
Suppose -y = -4 - 3. What is the remainder when ((-19)/(-2))/(6/12) is divided by y?
5
Suppose f + 3*n = n + 16, 24 = 5*f - 4*n. Calculate the remainder when 14 is divided by f.
6
Suppose 3*i + 2*i = 10. Let q(s) = 6*s**3 - 3*s**2 + 3*s - 3. Calculate the remainder when q(i) is divided by 14.
11
Let c be (-2 + 4 + -5)*-5. Let a = 14 + 7. Let p = a - c. What is the remainder when 10 is divided by p?
4
Suppose 0 = 3*v + 4*b - 104, -5*b + 98 + 42 = 4*v. Calculate the remainder when v is divided by 14.
12
Let m be (0 + 1 + 4)/(-1). Let o = -2 - m. Calculate the remainder when 5 is divided by o.
2
Calculate the remainder when (141 - 0)*(-11)/(-33) is divided by 12.
11
Let f = -28 + 80. Let y = -31 + f. What is the remainder when y is divided by 6?
3
What is the remainder when ((-220)/154)/(4/(-14)) is divided by 2?
1
Let c(z) = 8*z**3 + 2*z - 2. Let w be c(1). Suppose 140 - w = 4*h. What is the remainder when h is divided by 17?
16
Let t(g) = -8*g + 2. Calculate the remainder when 108 is divided by t(-1).
8
Suppose -4*c + n + 68 = 0, 0 = 5*c - 5*n - 0 - 85. Suppose -5*l = 4*s - 99 - c, 0 = -l + 5*s. Calculate the remainder when 59 is divided by l.
19
Suppose 3*s - 5*a + 0*a - 164 = 0, -2 = 2*a. Suppose -70 = -9*y + 4*y. Calculate the remainder when s is divided by y.
11
Let o(z) = 5*z**2 - z - 1. Suppose 0 = 2*p + 3*p - 15. Suppose 2*h = -y + 4*y - 21, -4*y + 27 = -p*h. Calculate the remainder when y is divided by o(-1).
4
Let u be (-24)/14 + 6/(-21). Let r be u*(-6)/4 + 64. Suppose -5*d - 3*m = -71, r = 5*d - 2*m + 3*m. What is the remainder when 24 is divided by d?
11
Let g = -1 + -6. Let i(w) = 2*w**2 + 10*w - 2. What is the remainder when i(g) is divided by 14?
12
Let h(r) = -3*r - 58. What is the remainder when 51 is divided by h(-23)?
7
Suppose -2*t + 8 = -0. Let m be (t/(-10))/(3/(-75)). Let y(k) = -k**2 + 10*k + 9. Calculate the remainder when 16 is divided by y(m).
7
Suppose 4*t - 11 = 73. Let c = 10 - -3. Let n = t - c. What is the remainder when 22 is divided by n?
6
Calculate the remainder when 29 is divided by (36/(-10))/(36/(-120)).
5
Let h(w) = 6*w - 3. Let i(l) = 12*l - 5. Let p(o) = -7*h(o) + 4*i(o). Let n(f) = 3*f - 2. What is the remainder when p(1) is divided by n(2)?
3
Let v be 1/4 - 266/8. Let b be 2490/39 - (-4)/26. Let g = v + b. What is the remainder when g is divided by 11?
9
Suppose 0 = -4*a + 2*p + 28, 5*p = -2*a + 5 + 33. Calculate the remainder when 16/(-6)*15/(-10) is divided by 1/(-4) - a/(-4).
0
What is the remainder when 2/(-4)*(-56 + 6) is divided by 13?
12
Let a be 102/(-4)*4/(-6). Suppose 109 - a = 4*y. Let g = -9 + 17. What is the remainder when y is divided by g?
7
Let d(y) = 5*y - 1. Calculate the remainder when d(14) is divided by 25.
19
Let i = -36 + 11. Let j = 9 + -14. What is the remainder when ((-46)/(-5))/(j/i) is divided by 16?
14
Suppose -14 = 2*t - 2*v, -v = t + 4*t + 5. Let d = 1 - t. Suppose -o + 35 + 1 = 5*y, 2*y + d*o - 4 = 0. Calculate the remainder when 22 is divided by y.
6
Let k be 12 + (-8)/(-4) + -3. Let s(p) = p**3 - 12*p**2 + 10*p + 15. What is the remainder when 7 is divided by s(k)?
3
Suppose 0 = 3*q - 1 - 2. Let m(j) = 14*j**2 - 1. Let g(l) = -l**3 + l**2 + l + 24. What is the remainder when g(0) is divided by m(q)?
11
Suppose 0 = p - 5*l - 9, 5*p + 5*l + 71 = l. Let w = -4 - p. Calculate the remainder when w is divided by 5.
2
Suppose 0*k + 3*k - 27 = 0. Let u(g) = -9*g + 35. What is the remainder when u(-2) is divided by k?
8
Suppose 0 = 17*p - 229 - 349. What is the remainder when 98 is divided by p?
30
Suppose 5*a = w, 30 = 4*w + a + 9. Suppose -5*g + 4*g + 3*o + 64 = 0, -w*o + 150 = 2*g. What is the remainder when g is divided by 18?
16
Suppose a = 5*t + 3, 2*a + 5*t + 9 = 5*a. Suppose 2*m - 43 - a = 0. Calculate the remainder when m is divided by 13.
10
Suppose 6*i + 6 = 7*i. Suppose -3*d = -i*d + 282. What is the remainder when d is divided by 24?
22
Suppose 0 = 3*h - 4*h + 5*k + 6, 3*k = -3. Calculate the remainder when 3/(h + 38/(-44)) is divided by (0 - 1)/(22/(-132)).
4
Let w(n) = 2*n - 8. What is the remainder when 16 is divided by w(7)?
4
Let v = -2 + 0. Let n(l) = l**2 + l + 1. What is the remainder when n(v) is divided by 2?
1
Let i be 44/6 - (-2)/3. Suppose -2*t = -t - i. What is the remainder when t is divided by (-1)/3 - 50/(-15)?
2
Let b = -167 + 113. Let d = -31 - b. Suppose -5*p = 2*j - 36, j - 44 = -3*j + 4*p. Calculate the remainder when d is divided by j.
10
Let f(s) = 4*s**2 + 6*s + 6. Let k = 237 + -166. Calculate the remainder when k is divided by f(-3).
23
Suppose 0*k + 2*k = -12. Let j = k - -24. What is the remainder when j is divided by 7?
4
Suppose -6*p + p - 250 = -5*x, -2*x + 75 = 3*p. Let d = -22 + x. Calculate the remainder when 89 is divided by d.
20
Let p(z) be the third derivative of z**6/120 - z**5/15 + z**4/6 - z**3/2 - 4*z**2. Calculate the remainder when p(4) is divided by 4.
1
Suppose -44 = -3*i - i. Let p = -3 + i. Suppose -d = -h + 13, -3*h + 66*d - 65*d + 41 = 0. What is the remainder when h is divided by p?
6
Let r = 320 - 283. Suppose -49 - 23 = -4*x + m, 3*x - 49 = 2*m. Calculate the remainder when r is divided by x.
18
Let j(d) = -22*d**3 + d. Calculate the remainder when j(-1) is divided by 6.
3
Let k = -25 - -56. Let f = 10 - -1. What is the remainder when k is divided by f?
9
Suppose -19 = -3*s + 53. Let u(b) = -b**3 + 15*b**2 + 3*b + 2. Calculate the remainder when u(15) is divided by s.
23
Let k(b) = b**3 - 5*b**2 - 5*b + 4. Let s be k(6). Let i = s + 3. Let j = 82 + -58. Calculate the remainder when j is divided by i.
11
Calculate the remainder when (0 - -64)*20/5*1 is divided by 37.
34
Suppose 0 = -3*g + 3*b + 63, 2*g - b - 35 = 9. Calculate the remainder when (-2 + 1)/(-1)*g is divided by 6.
5
Suppose -4*f - o + 121 = 0, 0*f = -f - 5*o + 16. Suppose 5*p = -4*j + 16, -6 = -4*p + 10. What is the remainder when f is divided by 0 + -2 - (-17 + j)?
15
Suppose 2*r = -3*r + 50. Let f(l) = l**2 - l. Let d be f(0). Suppose d*u + 4 = u. What is the remainder whe